{"id":157,"date":"2017-05-10T09:02:12","date_gmt":"2017-05-10T12:02:12","guid":{"rendered":"http:\/\/apps.mpma.mp.br\/campanha-contra-drogas\/wp-content\/uploads\/2017\/05\/IMG-20170426-WA00091.jpg"},"modified":"2017-05-10T10:21:44","modified_gmt":"2017-05-10T13:21:44","slug":"img-20170426-wa00091","status":"inherit","type":"attachment","link":"https:\/\/apps.mpma.mp.br\/campanha-contra-drogas\/2017\/05\/10\/lancamento-da-campanha-em-2017\/img-20170426-wa00091\/","title":{"rendered":"img-20170426-wa00091"},"author":2,"comment_status":"open","ping_status":"closed","template":"","meta":[],"description":{"rendered":"<p class=\"attachment\"><a href='https:\/\/apps.mpma.mp.br\/campanha-contra-drogas\/wp-content\/uploads\/2017\/05\/IMG-20170426-WA00091.jpg'><img width=\"300\" height=\"169\" src=\"https:\/\/apps.mpma.mp.br\/campanha-contra-drogas\/wp-content\/uploads\/2017\/05\/IMG-20170426-WA00091-300x169.jpg\" class=\"attachment-medium size-medium\" alt=\"\" decoding=\"async\" loading=\"lazy\" srcset=\"https:\/\/apps.mpma.mp.br\/campanha-contra-drogas\/wp-content\/uploads\/2017\/05\/IMG-20170426-WA00091-300x169.jpg 300w, https:\/\/apps.mpma.mp.br\/campanha-contra-drogas\/wp-content\/uploads\/2017\/05\/IMG-20170426-WA00091-768x432.jpg 768w, https:\/\/apps.mpma.mp.br\/campanha-contra-drogas\/wp-content\/uploads\/2017\/05\/IMG-20170426-WA00091-1024x576.jpg 1024w, https:\/\/apps.mpma.mp.br\/campanha-contra-drogas\/wp-content\/uploads\/2017\/05\/IMG-20170426-WA00091.jpg 1040w\" sizes=\"(max-width: 300px) 100vw, 300px\" \/><\/a><\/p>\n"},"caption":{"rendered":"<p>Minist\u00e9rio P\u00fablico, Ronda Escolar da Pol\u00edcia Militar e Escolas do Maranh\u00e3o, todos no combate \u00e0s drogas.<\/p>\n"},"alt_text":"","media_type":"image","mime_type":"image\/jpeg","media_details":{"width":1040,"height":585,"file":"2017\/05\/IMG-20170426-WA00091.jpg","sizes":{"thumbnail":{"file":"IMG-20170426-WA00091-250x250.jpg","width":250,"height":250,"mime_type":"image\/jpeg","source_url":"https:\/\/apps.mpma.mp.br\/campanha-contra-drogas\/wp-content\/uploads\/2017\/05\/IMG-20170426-WA00091-250x250.jpg"},"medium":{"file":"IMG-20170426-WA00091-300x169.jpg","width":300,"height":169,"mime_type":"image\/jpeg","source_url":"https:\/\/apps.mpma.mp.br\/campanha-contra-drogas\/wp-content\/uploads\/2017\/05\/IMG-20170426-WA00091-300x169.jpg"},"medium_large":{"file":"IMG-20170426-WA00091-768x432.jpg","width":768,"height":432,"mime_type":"image\/jpeg","source_url":"https:\/\/apps.mpma.mp.br\/campanha-contra-drogas\/wp-content\/uploads\/2017\/05\/IMG-20170426-WA00091-768x432.jpg"},"large":{"file":"IMG-20170426-WA00091-1024x576.jpg","width":1024,"height":576,"mime_type":"image\/jpeg","source_url":"https:\/\/apps.mpma.mp.br\/campanha-contra-drogas\/wp-content\/uploads\/2017\/05\/IMG-20170426-WA00091-1024x576.jpg"},"post-thumbnail":{"file":"IMG-20170426-WA00091-672x372.jpg","width":672,"height":372,"mime_type":"image\/jpeg","source_url":"https:\/\/apps.mpma.mp.br\/campanha-contra-drogas\/wp-content\/uploads\/2017\/05\/IMG-20170426-WA00091-672x372.jpg"},"twentyfourteen-full-width":{"file":"IMG-20170426-WA00091-1038x576.jpg","width":1038,"height":576,"mime_type":"image\/jpeg","source_url":"https:\/\/apps.mpma.mp.br\/campanha-contra-drogas\/wp-content\/uploads\/2017\/05\/IMG-20170426-WA00091-1038x576.jpg"},"full":{"file":"IMG-20170426-WA00091.jpg","width":1040,"height":585,"mime_type":"image\/jpeg","source_url":"https:\/\/apps.mpma.mp.br\/campanha-contra-drogas\/wp-content\/uploads\/2017\/05\/IMG-20170426-WA00091.jpg"}},"image_meta":{"aperture":"0","credit":"","camera":"","caption":"","created_timestamp":"0","copyright":"","focal_length":"0","iso":"0","shutter_speed":"0","title":"","orientation":"0","keywords":[]}},"post":152,"source_url":"https:\/\/apps.mpma.mp.br\/campanha-contra-drogas\/wp-content\/uploads\/2017\/05\/IMG-20170426-WA00091.jpg","_links":{"self":[{"href":"https:\/\/apps.mpma.mp.br\/campanha-contra-drogas\/wp-json\/wp\/v2\/media\/157"}],"collection":[{"href":"https:\/\/apps.mpma.mp.br\/campanha-contra-drogas\/wp-json\/wp\/v2\/media"}],"about":[{"href":"https:\/\/apps.mpma.mp.br\/campanha-contra-drogas\/wp-json\/wp\/v2\/types\/attachment"}],"author":[{"embeddable":true,"href":"https:\/\/apps.mpma.mp.br\/campanha-contra-drogas\/wp-json\/wp\/v2\/users\/2"}],"replies":[{"embeddable":true,"href":"https:\/\/apps.mpma.mp.br\/campanha-contra-drogas\/wp-json\/wp\/v2\/comments?post=157"}]}}

<p>Ministério Público, Ronda Escolar da Polícia Militar e Escolas do Maranhão, todos no combate às drogas.</p>
