{"id":201,"date":"2017-08-17T11:10:11","date_gmt":"2017-08-17T14:10:11","guid":{"rendered":"http:\/\/apps.mpma.mp.br\/campanha-contra-drogas\/wp-content\/uploads\/2017\/08\/palestra-memorial-2017.jpg"},"modified":"2017-08-17T11:19:16","modified_gmt":"2017-08-17T14:19:16","slug":"palestra-memorial-2017","status":"inherit","type":"attachment","link":"https:\/\/apps.mpma.mp.br\/campanha-contra-drogas\/2017\/08\/17\/mais-um-belo-evento-da-campanha-realizado-no-memorial-do-ministerio-publico-do-maranhao\/palestra-memorial-2017\/","title":{"rendered":"palestra-memorial-2017"},"author":2,"comment_status":"open","ping_status":"closed","template":"","meta":[],"description":{"rendered":"<p class=\"attachment\"><a href='https:\/\/apps.mpma.mp.br\/campanha-contra-drogas\/wp-content\/uploads\/2017\/08\/palestra-memorial-2017.jpg'><img width=\"300\" height=\"201\" src=\"https:\/\/apps.mpma.mp.br\/campanha-contra-drogas\/wp-content\/uploads\/2017\/08\/palestra-memorial-2017-300x201.jpg\" class=\"attachment-medium size-medium\" alt=\"\" decoding=\"async\" loading=\"lazy\" srcset=\"https:\/\/apps.mpma.mp.br\/campanha-contra-drogas\/wp-content\/uploads\/2017\/08\/palestra-memorial-2017-300x201.jpg 300w, https:\/\/apps.mpma.mp.br\/campanha-contra-drogas\/wp-content\/uploads\/2017\/08\/palestra-memorial-2017-768x513.jpg 768w, https:\/\/apps.mpma.mp.br\/campanha-contra-drogas\/wp-content\/uploads\/2017\/08\/palestra-memorial-2017-1024x684.jpg 1024w\" sizes=\"(max-width: 300px) 100vw, 300px\" \/><\/a><\/p>\n"},"caption":{"rendered":"<p>EVENTO &#8211; MEMORIAL DO MINIST\u00c9RIO P\u00daBLICO DO MARANH\u00c3O &#8211; 2017<\/p>\n"},"alt_text":"","media_type":"image","mime_type":"image\/jpeg","media_details":{"width":2992,"height":2000,"file":"2017\/08\/palestra-memorial-2017.jpg","sizes":{"thumbnail":{"file":"palestra-memorial-2017-250x250.jpg","width":250,"height":250,"mime_type":"image\/jpeg","source_url":"https:\/\/apps.mpma.mp.br\/campanha-contra-drogas\/wp-content\/uploads\/2017\/08\/palestra-memorial-2017-250x250.jpg"},"medium":{"file":"palestra-memorial-2017-300x201.jpg","width":300,"height":201,"mime_type":"image\/jpeg","source_url":"https:\/\/apps.mpma.mp.br\/campanha-contra-drogas\/wp-content\/uploads\/2017\/08\/palestra-memorial-2017-300x201.jpg"},"medium_large":{"file":"palestra-memorial-2017-768x513.jpg","width":768,"height":513,"mime_type":"image\/jpeg","source_url":"https:\/\/apps.mpma.mp.br\/campanha-contra-drogas\/wp-content\/uploads\/2017\/08\/palestra-memorial-2017-768x513.jpg"},"large":{"file":"palestra-memorial-2017-1024x684.jpg","width":1024,"height":684,"mime_type":"image\/jpeg","source_url":"https:\/\/apps.mpma.mp.br\/campanha-contra-drogas\/wp-content\/uploads\/2017\/08\/palestra-memorial-2017-1024x684.jpg"},"post-thumbnail":{"file":"palestra-memorial-2017-672x372.jpg","width":672,"height":372,"mime_type":"image\/jpeg","source_url":"https:\/\/apps.mpma.mp.br\/campanha-contra-drogas\/wp-content\/uploads\/2017\/08\/palestra-memorial-2017-672x372.jpg"},"twentyfourteen-full-width":{"file":"palestra-memorial-2017-1038x576.jpg","width":1038,"height":576,"mime_type":"image\/jpeg","source_url":"https:\/\/apps.mpma.mp.br\/campanha-contra-drogas\/wp-content\/uploads\/2017\/08\/palestra-memorial-2017-1038x576.jpg"},"full":{"file":"palestra-memorial-2017.jpg","width":2992,"height":2000,"mime_type":"image\/jpeg","source_url":"https:\/\/apps.mpma.mp.br\/campanha-contra-drogas\/wp-content\/uploads\/2017\/08\/palestra-memorial-2017.jpg"}},"image_meta":{"aperture":"3.5","credit":"","camera":"NIKON D5200","caption":"","created_timestamp":"1502792406","copyright":"","focal_length":"18","iso":"2000","shutter_speed":"0.033333333333333","title":"","orientation":"1","keywords":[]}},"post":199,"source_url":"https:\/\/apps.mpma.mp.br\/campanha-contra-drogas\/wp-content\/uploads\/2017\/08\/palestra-memorial-2017.jpg","_links":{"self":[{"href":"https:\/\/apps.mpma.mp.br\/campanha-contra-drogas\/wp-json\/wp\/v2\/media\/201"}],"collection":[{"href":"https:\/\/apps.mpma.mp.br\/campanha-contra-drogas\/wp-json\/wp\/v2\/media"}],"about":[{"href":"https:\/\/apps.mpma.mp.br\/campanha-contra-drogas\/wp-json\/wp\/v2\/types\/attachment"}],"author":[{"embeddable":true,"href":"https:\/\/apps.mpma.mp.br\/campanha-contra-drogas\/wp-json\/wp\/v2\/users\/2"}],"replies":[{"embeddable":true,"href":"https:\/\/apps.mpma.mp.br\/campanha-contra-drogas\/wp-json\/wp\/v2\/comments?post=201"}]}}

<p>EVENTO &#8211; MEMORIAL DO MINISTÉRIO PÚBLICO DO MARANHÃO &#8211; 2017</p>
