{"id":213,"date":"2017-08-25T10:23:49","date_gmt":"2017-08-25T13:23:49","guid":{"rendered":"http:\/\/apps.mpma.mp.br\/campanha-contra-drogas\/wp-content\/uploads\/2017\/08\/IMG-20170817-WA0003-1.jpg"},"modified":"2017-08-25T10:39:23","modified_gmt":"2017-08-25T13:39:23","slug":"img-20170817-wa0003-1","status":"inherit","type":"attachment","link":"https:\/\/apps.mpma.mp.br\/campanha-contra-drogas\/2017\/08\/25\/projeto-quem-escolhe-o-seu-caminho-voce-ou-as-drogas-na-area-itaqui-bacanga-sao-luisma\/img-20170817-wa0003-1\/","title":{"rendered":"REUNI\u00c3O PARA ORGANIZA\u00c7\u00c3O DO PROJETO"},"author":2,"comment_status":"open","ping_status":"closed","template":"","meta":[],"description":{"rendered":"<p class=\"attachment\"><a href='https:\/\/apps.mpma.mp.br\/campanha-contra-drogas\/wp-content\/uploads\/2017\/08\/IMG-20170817-WA0003-1.jpg'><img width=\"246\" height=\"300\" src=\"https:\/\/apps.mpma.mp.br\/campanha-contra-drogas\/wp-content\/uploads\/2017\/08\/IMG-20170817-WA0003-1-246x300.jpg\" class=\"attachment-medium size-medium\" alt=\"\" decoding=\"async\" loading=\"lazy\" srcset=\"https:\/\/apps.mpma.mp.br\/campanha-contra-drogas\/wp-content\/uploads\/2017\/08\/IMG-20170817-WA0003-1-246x300.jpg 246w, https:\/\/apps.mpma.mp.br\/campanha-contra-drogas\/wp-content\/uploads\/2017\/08\/IMG-20170817-WA0003-1.jpg 581w\" sizes=\"(max-width: 246px) 100vw, 246px\" \/><\/a><\/p>\n"},"caption":{"rendered":"<p>Na organiza\u00e7\u00e3o deste evento, Filipe Rodrigo L. Martins e a Professora Socorro, Coordenadora de Educa\u00e7\u00e3o da Escola Ant\u00f4nio Ribeiro da Silva, em reuni\u00e3o.<\/p>\n"},"alt_text":"","media_type":"image","mime_type":"image\/jpeg","media_details":{"width":581,"height":709,"file":"2017\/08\/IMG-20170817-WA0003-1.jpg","sizes":{"thumbnail":{"file":"IMG-20170817-WA0003-1-250x250.jpg","width":250,"height":250,"mime_type":"image\/jpeg","source_url":"https:\/\/apps.mpma.mp.br\/campanha-contra-drogas\/wp-content\/uploads\/2017\/08\/IMG-20170817-WA0003-1-250x250.jpg"},"medium":{"file":"IMG-20170817-WA0003-1-246x300.jpg","width":246,"height":300,"mime_type":"image\/jpeg","source_url":"https:\/\/apps.mpma.mp.br\/campanha-contra-drogas\/wp-content\/uploads\/2017\/08\/IMG-20170817-WA0003-1-246x300.jpg"},"post-thumbnail":{"file":"IMG-20170817-WA0003-1-581x372.jpg","width":581,"height":372,"mime_type":"image\/jpeg","source_url":"https:\/\/apps.mpma.mp.br\/campanha-contra-drogas\/wp-content\/uploads\/2017\/08\/IMG-20170817-WA0003-1-581x372.jpg"},"twentyfourteen-full-width":{"file":"IMG-20170817-WA0003-1-581x576.jpg","width":581,"height":576,"mime_type":"image\/jpeg","source_url":"https:\/\/apps.mpma.mp.br\/campanha-contra-drogas\/wp-content\/uploads\/2017\/08\/IMG-20170817-WA0003-1-581x576.jpg"},"full":{"file":"IMG-20170817-WA0003-1.jpg","width":581,"height":709,"mime_type":"image\/jpeg","source_url":"https:\/\/apps.mpma.mp.br\/campanha-contra-drogas\/wp-content\/uploads\/2017\/08\/IMG-20170817-WA0003-1.jpg"}},"image_meta":{"aperture":"0","credit":"","camera":"","caption":"","created_timestamp":"0","copyright":"","focal_length":"0","iso":"0","shutter_speed":"0","title":"","orientation":"0","keywords":[]}},"post":212,"source_url":"https:\/\/apps.mpma.mp.br\/campanha-contra-drogas\/wp-content\/uploads\/2017\/08\/IMG-20170817-WA0003-1.jpg","_links":{"self":[{"href":"https:\/\/apps.mpma.mp.br\/campanha-contra-drogas\/wp-json\/wp\/v2\/media\/213"}],"collection":[{"href":"https:\/\/apps.mpma.mp.br\/campanha-contra-drogas\/wp-json\/wp\/v2\/media"}],"about":[{"href":"https:\/\/apps.mpma.mp.br\/campanha-contra-drogas\/wp-json\/wp\/v2\/types\/attachment"}],"author":[{"embeddable":true,"href":"https:\/\/apps.mpma.mp.br\/campanha-contra-drogas\/wp-json\/wp\/v2\/users\/2"}],"replies":[{"embeddable":true,"href":"https:\/\/apps.mpma.mp.br\/campanha-contra-drogas\/wp-json\/wp\/v2\/comments?post=213"}]}}

REUNIÃO PARA ORGANIZAÇÃO DO PROJETO

<p>Na organização deste evento, Filipe Rodrigo L. Martins e a Professora Socorro, Coordenadora de Educação da Escola Antônio Ribeiro da Silva, em reunião.</p>
