{"id":216,"date":"2017-08-25T10:24:00","date_gmt":"2017-08-25T13:24:00","guid":{"rendered":"http:\/\/apps.mpma.mp.br\/campanha-contra-drogas\/wp-content\/uploads\/2017\/08\/IMG-20170818-WA0038.jpg"},"modified":"2017-08-25T10:29:56","modified_gmt":"2017-08-25T13:29:56","slug":"img-20170818-wa0038","status":"inherit","type":"attachment","link":"https:\/\/apps.mpma.mp.br\/campanha-contra-drogas\/2017\/08\/25\/projeto-quem-escolhe-o-seu-caminho-voce-ou-as-drogas-na-area-itaqui-bacanga-sao-luisma\/img-20170818-wa0038\/","title":{"rendered":"EVENTO"},"author":2,"comment_status":"open","ping_status":"closed","template":"","meta":[],"description":{"rendered":"<p class=\"attachment\"><a href='https:\/\/apps.mpma.mp.br\/campanha-contra-drogas\/wp-content\/uploads\/2017\/08\/IMG-20170818-WA0038.jpg'><img width=\"300\" height=\"169\" src=\"https:\/\/apps.mpma.mp.br\/campanha-contra-drogas\/wp-content\/uploads\/2017\/08\/IMG-20170818-WA0038-300x169.jpg\" class=\"attachment-medium size-medium\" alt=\"\" decoding=\"async\" loading=\"lazy\" srcset=\"https:\/\/apps.mpma.mp.br\/campanha-contra-drogas\/wp-content\/uploads\/2017\/08\/IMG-20170818-WA0038-300x169.jpg 300w, https:\/\/apps.mpma.mp.br\/campanha-contra-drogas\/wp-content\/uploads\/2017\/08\/IMG-20170818-WA0038-768x432.jpg 768w, https:\/\/apps.mpma.mp.br\/campanha-contra-drogas\/wp-content\/uploads\/2017\/08\/IMG-20170818-WA0038-1024x576.jpg 1024w, https:\/\/apps.mpma.mp.br\/campanha-contra-drogas\/wp-content\/uploads\/2017\/08\/IMG-20170818-WA0038.jpg 1032w\" sizes=\"(max-width: 300px) 100vw, 300px\" \/><\/a><\/p>\n"},"caption":{"rendered":"<p>ORGANIZADORES DO PROJETO, PROFISSIONAIS DA EDUCA\u00c7\u00c3O E  CONSELHEIROS DE POL\u00cdTICAS SOBRE DROGAS<\/p>\n"},"alt_text":"","media_type":"image","mime_type":"image\/jpeg","media_details":{"width":1032,"height":581,"file":"2017\/08\/IMG-20170818-WA0038.jpg","sizes":{"thumbnail":{"file":"IMG-20170818-WA0038-250x250.jpg","width":250,"height":250,"mime_type":"image\/jpeg","source_url":"https:\/\/apps.mpma.mp.br\/campanha-contra-drogas\/wp-content\/uploads\/2017\/08\/IMG-20170818-WA0038-250x250.jpg"},"medium":{"file":"IMG-20170818-WA0038-300x169.jpg","width":300,"height":169,"mime_type":"image\/jpeg","source_url":"https:\/\/apps.mpma.mp.br\/campanha-contra-drogas\/wp-content\/uploads\/2017\/08\/IMG-20170818-WA0038-300x169.jpg"},"medium_large":{"file":"IMG-20170818-WA0038-768x432.jpg","width":768,"height":432,"mime_type":"image\/jpeg","source_url":"https:\/\/apps.mpma.mp.br\/campanha-contra-drogas\/wp-content\/uploads\/2017\/08\/IMG-20170818-WA0038-768x432.jpg"},"large":{"file":"IMG-20170818-WA0038-1024x576.jpg","width":1024,"height":576,"mime_type":"image\/jpeg","source_url":"https:\/\/apps.mpma.mp.br\/campanha-contra-drogas\/wp-content\/uploads\/2017\/08\/IMG-20170818-WA0038-1024x576.jpg"},"post-thumbnail":{"file":"IMG-20170818-WA0038-672x372.jpg","width":672,"height":372,"mime_type":"image\/jpeg","source_url":"https:\/\/apps.mpma.mp.br\/campanha-contra-drogas\/wp-content\/uploads\/2017\/08\/IMG-20170818-WA0038-672x372.jpg"},"twentyfourteen-full-width":{"file":"IMG-20170818-WA0038-1032x576.jpg","width":1032,"height":576,"mime_type":"image\/jpeg","source_url":"https:\/\/apps.mpma.mp.br\/campanha-contra-drogas\/wp-content\/uploads\/2017\/08\/IMG-20170818-WA0038-1032x576.jpg"},"full":{"file":"IMG-20170818-WA0038.jpg","width":1032,"height":581,"mime_type":"image\/jpeg","source_url":"https:\/\/apps.mpma.mp.br\/campanha-contra-drogas\/wp-content\/uploads\/2017\/08\/IMG-20170818-WA0038.jpg"}},"image_meta":{"aperture":"0","credit":"","camera":"","caption":"","created_timestamp":"0","copyright":"","focal_length":"0","iso":"0","shutter_speed":"0","title":"","orientation":"0","keywords":[]}},"post":212,"source_url":"https:\/\/apps.mpma.mp.br\/campanha-contra-drogas\/wp-content\/uploads\/2017\/08\/IMG-20170818-WA0038.jpg","_links":{"self":[{"href":"https:\/\/apps.mpma.mp.br\/campanha-contra-drogas\/wp-json\/wp\/v2\/media\/216"}],"collection":[{"href":"https:\/\/apps.mpma.mp.br\/campanha-contra-drogas\/wp-json\/wp\/v2\/media"}],"about":[{"href":"https:\/\/apps.mpma.mp.br\/campanha-contra-drogas\/wp-json\/wp\/v2\/types\/attachment"}],"author":[{"embeddable":true,"href":"https:\/\/apps.mpma.mp.br\/campanha-contra-drogas\/wp-json\/wp\/v2\/users\/2"}],"replies":[{"embeddable":true,"href":"https:\/\/apps.mpma.mp.br\/campanha-contra-drogas\/wp-json\/wp\/v2\/comments?post=216"}]}}

<p>ORGANIZADORES DO PROJETO, PROFISSIONAIS DA EDUCAÇÃO E  CONSELHEIROS DE POLÍTICAS SOBRE DROGAS</p>
