{"id":232,"date":"2017-08-30T12:13:32","date_gmt":"2017-08-30T15:13:32","guid":{"rendered":"http:\/\/apps.mpma.mp.br\/campanha-contra-drogas\/wp-content\/uploads\/2017\/08\/DSC_0044-1.jpg"},"modified":"2017-08-30T12:13:53","modified_gmt":"2017-08-30T15:13:53","slug":"dsc_0044-2","status":"inherit","type":"attachment","link":"https:\/\/apps.mpma.mp.br\/campanha-contra-drogas\/2017\/08\/17\/mais-um-belo-evento-da-campanha-realizado-no-memorial-do-ministerio-publico-do-maranhao\/dsc_0044-2\/","title":{"rendered":"PALESTRA MEMORIAL"},"author":2,"comment_status":"open","ping_status":"closed","template":"","meta":[],"description":{"rendered":"<p class=\"attachment\"><a href='https:\/\/apps.mpma.mp.br\/campanha-contra-drogas\/wp-content\/uploads\/2017\/08\/DSC_0044-1.jpg'><img width=\"300\" height=\"201\" src=\"https:\/\/apps.mpma.mp.br\/campanha-contra-drogas\/wp-content\/uploads\/2017\/08\/DSC_0044-1-300x201.jpg\" class=\"attachment-medium size-medium\" alt=\"\" decoding=\"async\" loading=\"lazy\" srcset=\"https:\/\/apps.mpma.mp.br\/campanha-contra-drogas\/wp-content\/uploads\/2017\/08\/DSC_0044-1-300x201.jpg 300w, https:\/\/apps.mpma.mp.br\/campanha-contra-drogas\/wp-content\/uploads\/2017\/08\/DSC_0044-1-768x513.jpg 768w, https:\/\/apps.mpma.mp.br\/campanha-contra-drogas\/wp-content\/uploads\/2017\/08\/DSC_0044-1-1024x684.jpg 1024w\" sizes=\"(max-width: 300px) 100vw, 300px\" \/><\/a><\/p>\n"},"caption":{"rendered":"<p>EVENTO &#8211; MEMORIAL DO MINIST\u00c9RIO P\u00daBLICO DO MARANH\u00c3O &#8211; 2017<\/p>\n"},"alt_text":"","media_type":"image","mime_type":"image\/jpeg","media_details":{"width":2992,"height":2000,"file":"2017\/08\/DSC_0044-1.jpg","sizes":{"thumbnail":{"file":"DSC_0044-1-250x250.jpg","width":250,"height":250,"mime_type":"image\/jpeg","source_url":"https:\/\/apps.mpma.mp.br\/campanha-contra-drogas\/wp-content\/uploads\/2017\/08\/DSC_0044-1-250x250.jpg"},"medium":{"file":"DSC_0044-1-300x201.jpg","width":300,"height":201,"mime_type":"image\/jpeg","source_url":"https:\/\/apps.mpma.mp.br\/campanha-contra-drogas\/wp-content\/uploads\/2017\/08\/DSC_0044-1-300x201.jpg"},"medium_large":{"file":"DSC_0044-1-768x513.jpg","width":768,"height":513,"mime_type":"image\/jpeg","source_url":"https:\/\/apps.mpma.mp.br\/campanha-contra-drogas\/wp-content\/uploads\/2017\/08\/DSC_0044-1-768x513.jpg"},"large":{"file":"DSC_0044-1-1024x684.jpg","width":1024,"height":684,"mime_type":"image\/jpeg","source_url":"https:\/\/apps.mpma.mp.br\/campanha-contra-drogas\/wp-content\/uploads\/2017\/08\/DSC_0044-1-1024x684.jpg"},"post-thumbnail":{"file":"DSC_0044-1-672x372.jpg","width":672,"height":372,"mime_type":"image\/jpeg","source_url":"https:\/\/apps.mpma.mp.br\/campanha-contra-drogas\/wp-content\/uploads\/2017\/08\/DSC_0044-1-672x372.jpg"},"twentyfourteen-full-width":{"file":"DSC_0044-1-1038x576.jpg","width":1038,"height":576,"mime_type":"image\/jpeg","source_url":"https:\/\/apps.mpma.mp.br\/campanha-contra-drogas\/wp-content\/uploads\/2017\/08\/DSC_0044-1-1038x576.jpg"},"full":{"file":"DSC_0044-1.jpg","width":2992,"height":2000,"mime_type":"image\/jpeg","source_url":"https:\/\/apps.mpma.mp.br\/campanha-contra-drogas\/wp-content\/uploads\/2017\/08\/DSC_0044-1.jpg"}},"image_meta":{"aperture":"4","credit":"","camera":"NIKON D5200","caption":"","created_timestamp":"1502789404","copyright":"","focal_length":"18","iso":"800","shutter_speed":"0.016666666666667","title":"","orientation":"1","keywords":[]}},"post":199,"source_url":"https:\/\/apps.mpma.mp.br\/campanha-contra-drogas\/wp-content\/uploads\/2017\/08\/DSC_0044-1.jpg","_links":{"self":[{"href":"https:\/\/apps.mpma.mp.br\/campanha-contra-drogas\/wp-json\/wp\/v2\/media\/232"}],"collection":[{"href":"https:\/\/apps.mpma.mp.br\/campanha-contra-drogas\/wp-json\/wp\/v2\/media"}],"about":[{"href":"https:\/\/apps.mpma.mp.br\/campanha-contra-drogas\/wp-json\/wp\/v2\/types\/attachment"}],"author":[{"embeddable":true,"href":"https:\/\/apps.mpma.mp.br\/campanha-contra-drogas\/wp-json\/wp\/v2\/users\/2"}],"replies":[{"embeddable":true,"href":"https:\/\/apps.mpma.mp.br\/campanha-contra-drogas\/wp-json\/wp\/v2\/comments?post=232"}]}}

<p>EVENTO &#8211; MEMORIAL DO MINISTÉRIO PÚBLICO DO MARANHÃO &#8211; 2017</p>
