{"id":236,"date":"2017-09-01T09:04:00","date_gmt":"2017-09-01T12:04:00","guid":{"rendered":"http:\/\/apps.mpma.mp.br\/campanha-contra-drogas\/wp-content\/uploads\/2017\/09\/Bras\u00edlia_2.jpg"},"modified":"2017-09-01T09:05:07","modified_gmt":"2017-09-01T12:05:07","slug":"brasilia_2","status":"inherit","type":"attachment","link":"https:\/\/apps.mpma.mp.br\/campanha-contra-drogas\/2017\/09\/01\/campanha-maranhao-na-prevencao-as-drogas-e-apresentada-pelo-ministerio-publico-do-estado-do-maranhao-na-camara-federal-em-brasiliadf\/brasilia_2\/","title":{"rendered":"C\u00c2MARA FEDERAL"},"author":2,"comment_status":"open","ping_status":"closed","template":"","meta":[],"description":{"rendered":"<p class=\"attachment\"><a href='https:\/\/apps.mpma.mp.br\/campanha-contra-drogas\/wp-content\/uploads\/2017\/09\/Bras\u00edlia_2.jpg'><img width=\"300\" height=\"258\" src=\"https:\/\/apps.mpma.mp.br\/campanha-contra-drogas\/wp-content\/uploads\/2017\/09\/Bras\u00edlia_2-300x258.jpg\" class=\"attachment-medium size-medium\" alt=\"\" decoding=\"async\" loading=\"lazy\" srcset=\"https:\/\/apps.mpma.mp.br\/campanha-contra-drogas\/wp-content\/uploads\/2017\/09\/Bras\u00edlia_2-300x258.jpg 300w, https:\/\/apps.mpma.mp.br\/campanha-contra-drogas\/wp-content\/uploads\/2017\/09\/Bras\u00edlia_2-768x659.jpg 768w, https:\/\/apps.mpma.mp.br\/campanha-contra-drogas\/wp-content\/uploads\/2017\/09\/Bras\u00edlia_2-1024x879.jpg 1024w, https:\/\/apps.mpma.mp.br\/campanha-contra-drogas\/wp-content\/uploads\/2017\/09\/Bras\u00edlia_2.jpg 2048w\" sizes=\"(max-width: 300px) 100vw, 300px\" \/><\/a><\/p>\n"},"caption":{"rendered":"<p>APRESENTA\u00c7\u00c3O DO PROJETO NA C\u00c2MARA FEDERAL, EM BRAS\u00cdLIA<\/p>\n"},"alt_text":"","media_type":"image","mime_type":"image\/jpeg","media_details":{"width":2048,"height":1758,"file":"2017\/09\/Bras\u00edlia_2.jpg","sizes":{"thumbnail":{"file":"Bras\u00edlia_2-250x250.jpg","width":250,"height":250,"mime_type":"image\/jpeg","source_url":"https:\/\/apps.mpma.mp.br\/campanha-contra-drogas\/wp-content\/uploads\/2017\/09\/Bras\u00edlia_2-250x250.jpg"},"medium":{"file":"Bras\u00edlia_2-300x258.jpg","width":300,"height":258,"mime_type":"image\/jpeg","source_url":"https:\/\/apps.mpma.mp.br\/campanha-contra-drogas\/wp-content\/uploads\/2017\/09\/Bras\u00edlia_2-300x258.jpg"},"medium_large":{"file":"Bras\u00edlia_2-768x659.jpg","width":768,"height":659,"mime_type":"image\/jpeg","source_url":"https:\/\/apps.mpma.mp.br\/campanha-contra-drogas\/wp-content\/uploads\/2017\/09\/Bras\u00edlia_2-768x659.jpg"},"large":{"file":"Bras\u00edlia_2-1024x879.jpg","width":1024,"height":879,"mime_type":"image\/jpeg","source_url":"https:\/\/apps.mpma.mp.br\/campanha-contra-drogas\/wp-content\/uploads\/2017\/09\/Bras\u00edlia_2-1024x879.jpg"},"post-thumbnail":{"file":"Bras\u00edlia_2-672x372.jpg","width":672,"height":372,"mime_type":"image\/jpeg","source_url":"https:\/\/apps.mpma.mp.br\/campanha-contra-drogas\/wp-content\/uploads\/2017\/09\/Bras\u00edlia_2-672x372.jpg"},"twentyfourteen-full-width":{"file":"Bras\u00edlia_2-1038x576.jpg","width":1038,"height":576,"mime_type":"image\/jpeg","source_url":"https:\/\/apps.mpma.mp.br\/campanha-contra-drogas\/wp-content\/uploads\/2017\/09\/Bras\u00edlia_2-1038x576.jpg"},"full":{"file":"Bras\u00edlia_2.jpg","width":2048,"height":1758,"mime_type":"image\/jpeg","source_url":"https:\/\/apps.mpma.mp.br\/campanha-contra-drogas\/wp-content\/uploads\/2017\/09\/Bras\u00edlia_2.jpg"}},"image_meta":{"aperture":"0","credit":"","camera":"","caption":"","created_timestamp":"0","copyright":"","focal_length":"0","iso":"0","shutter_speed":"0","title":"","orientation":"0","keywords":[]}},"post":235,"source_url":"https:\/\/apps.mpma.mp.br\/campanha-contra-drogas\/wp-content\/uploads\/2017\/09\/Bras\u00edlia_2.jpg","_links":{"self":[{"href":"https:\/\/apps.mpma.mp.br\/campanha-contra-drogas\/wp-json\/wp\/v2\/media\/236"}],"collection":[{"href":"https:\/\/apps.mpma.mp.br\/campanha-contra-drogas\/wp-json\/wp\/v2\/media"}],"about":[{"href":"https:\/\/apps.mpma.mp.br\/campanha-contra-drogas\/wp-json\/wp\/v2\/types\/attachment"}],"author":[{"embeddable":true,"href":"https:\/\/apps.mpma.mp.br\/campanha-contra-drogas\/wp-json\/wp\/v2\/users\/2"}],"replies":[{"embeddable":true,"href":"https:\/\/apps.mpma.mp.br\/campanha-contra-drogas\/wp-json\/wp\/v2\/comments?post=236"}]}}

http://apps.mpma.mp.br/campanha-contra-drogas/wp-content/uploads/2017/09/Brasília_2.jpg

CÂMARA FEDERAL

<p class="attachment"><a href='https://apps.mpma.mp.br/campanha-contra-drogas/wp-content/uploads/2017/09/Brasília_2.jpg'><img width="300" height="258" src="https://apps.mpma.mp.br/campanha-contra-drogas/wp-content/uploads/2017/09/Brasília_2-300x258.jpg" class="attachment-medium size-medium" alt="" decoding="async" loading="lazy" srcset="https://apps.mpma.mp.br/campanha-contra-drogas/wp-content/uploads/2017/09/Brasília_2-300x258.jpg 300w, https://apps.mpma.mp.br/campanha-contra-drogas/wp-content/uploads/2017/09/Brasília_2-768x659.jpg 768w, https://apps.mpma.mp.br/campanha-contra-drogas/wp-content/uploads/2017/09/Brasília_2-1024x879.jpg 1024w, https://apps.mpma.mp.br/campanha-contra-drogas/wp-content/uploads/2017/09/Brasília_2.jpg 2048w" sizes="(max-width: 300px) 100vw, 300px" /></a></p>

<p>APRESENTAÇÃO DO PROJETO NA CÂMARA FEDERAL, EM BRASÍLIA</p>

2017/09/Brasília_2.jpg

Brasília_2-250x250.jpg

https://apps.mpma.mp.br/campanha-contra-drogas/wp-content/uploads/2017/09/Brasília_2-250x250.jpg

Brasília_2-300x258.jpg

https://apps.mpma.mp.br/campanha-contra-drogas/wp-content/uploads/2017/09/Brasília_2-300x258.jpg

Brasília_2-768x659.jpg

https://apps.mpma.mp.br/campanha-contra-drogas/wp-content/uploads/2017/09/Brasília_2-768x659.jpg

Brasília_2-1024x879.jpg

https://apps.mpma.mp.br/campanha-contra-drogas/wp-content/uploads/2017/09/Brasília_2-1024x879.jpg

Brasília_2-672x372.jpg

https://apps.mpma.mp.br/campanha-contra-drogas/wp-content/uploads/2017/09/Brasília_2-672x372.jpg

Brasília_2-1038x576.jpg

https://apps.mpma.mp.br/campanha-contra-drogas/wp-content/uploads/2017/09/Brasília_2-1038x576.jpg

Brasília_2.jpg

https://apps.mpma.mp.br/campanha-contra-drogas/wp-content/uploads/2017/09/Brasília_2.jpg
