{"id":237,"date":"2017-09-01T09:05:34","date_gmt":"2017-09-01T12:05:34","guid":{"rendered":"http:\/\/apps.mpma.mp.br\/campanha-contra-drogas\/wp-content\/uploads\/2017\/09\/Brasilia_1.jpeg"},"modified":"2017-09-01T09:06:07","modified_gmt":"2017-09-01T12:06:07","slug":"brasilia_1","status":"inherit","type":"attachment","link":"https:\/\/apps.mpma.mp.br\/campanha-contra-drogas\/2017\/09\/01\/campanha-maranhao-na-prevencao-as-drogas-e-apresentada-pelo-ministerio-publico-do-estado-do-maranhao-na-camara-federal-em-brasiliadf\/brasilia_1\/","title":{"rendered":"C\u00c2MARA FEDERAL"},"author":2,"comment_status":"open","ping_status":"closed","template":"","meta":[],"description":{"rendered":"<p class=\"attachment\"><a href='https:\/\/apps.mpma.mp.br\/campanha-contra-drogas\/wp-content\/uploads\/2017\/09\/Brasilia_1.jpeg'><img width=\"300\" height=\"225\" src=\"https:\/\/apps.mpma.mp.br\/campanha-contra-drogas\/wp-content\/uploads\/2017\/09\/Brasilia_1-300x225.jpeg\" class=\"attachment-medium size-medium\" alt=\"\" decoding=\"async\" loading=\"lazy\" srcset=\"https:\/\/apps.mpma.mp.br\/campanha-contra-drogas\/wp-content\/uploads\/2017\/09\/Brasilia_1-300x225.jpeg 300w, https:\/\/apps.mpma.mp.br\/campanha-contra-drogas\/wp-content\/uploads\/2017\/09\/Brasilia_1-768x576.jpeg 768w, https:\/\/apps.mpma.mp.br\/campanha-contra-drogas\/wp-content\/uploads\/2017\/09\/Brasilia_1-1024x768.jpeg 1024w, https:\/\/apps.mpma.mp.br\/campanha-contra-drogas\/wp-content\/uploads\/2017\/09\/Brasilia_1.jpeg 1280w\" sizes=\"(max-width: 300px) 100vw, 300px\" \/><\/a><\/p>\n"},"caption":{"rendered":"<p>APRESENTA\u00c7\u00c3O DO PROJETO NA C\u00c2MARA FEDERAL, EM BRAS\u00cdLIA<\/p>\n"},"alt_text":"","media_type":"image","mime_type":"image\/jpeg","media_details":{"width":1280,"height":960,"file":"2017\/09\/Brasilia_1.jpeg","sizes":{"thumbnail":{"file":"Brasilia_1-250x250.jpeg","width":250,"height":250,"mime_type":"image\/jpeg","source_url":"https:\/\/apps.mpma.mp.br\/campanha-contra-drogas\/wp-content\/uploads\/2017\/09\/Brasilia_1-250x250.jpeg"},"medium":{"file":"Brasilia_1-300x225.jpeg","width":300,"height":225,"mime_type":"image\/jpeg","source_url":"https:\/\/apps.mpma.mp.br\/campanha-contra-drogas\/wp-content\/uploads\/2017\/09\/Brasilia_1-300x225.jpeg"},"medium_large":{"file":"Brasilia_1-768x576.jpeg","width":768,"height":576,"mime_type":"image\/jpeg","source_url":"https:\/\/apps.mpma.mp.br\/campanha-contra-drogas\/wp-content\/uploads\/2017\/09\/Brasilia_1-768x576.jpeg"},"large":{"file":"Brasilia_1-1024x768.jpeg","width":1024,"height":768,"mime_type":"image\/jpeg","source_url":"https:\/\/apps.mpma.mp.br\/campanha-contra-drogas\/wp-content\/uploads\/2017\/09\/Brasilia_1-1024x768.jpeg"},"post-thumbnail":{"file":"Brasilia_1-672x372.jpeg","width":672,"height":372,"mime_type":"image\/jpeg","source_url":"https:\/\/apps.mpma.mp.br\/campanha-contra-drogas\/wp-content\/uploads\/2017\/09\/Brasilia_1-672x372.jpeg"},"twentyfourteen-full-width":{"file":"Brasilia_1-1038x576.jpeg","width":1038,"height":576,"mime_type":"image\/jpeg","source_url":"https:\/\/apps.mpma.mp.br\/campanha-contra-drogas\/wp-content\/uploads\/2017\/09\/Brasilia_1-1038x576.jpeg"},"full":{"file":"Brasilia_1.jpeg","width":1280,"height":960,"mime_type":"image\/jpeg","source_url":"https:\/\/apps.mpma.mp.br\/campanha-contra-drogas\/wp-content\/uploads\/2017\/09\/Brasilia_1.jpeg"}},"image_meta":{"aperture":"0","credit":"","camera":"","caption":"","created_timestamp":"0","copyright":"","focal_length":"0","iso":"0","shutter_speed":"0","title":"","orientation":"0","keywords":[]}},"post":235,"source_url":"https:\/\/apps.mpma.mp.br\/campanha-contra-drogas\/wp-content\/uploads\/2017\/09\/Brasilia_1.jpeg","_links":{"self":[{"href":"https:\/\/apps.mpma.mp.br\/campanha-contra-drogas\/wp-json\/wp\/v2\/media\/237"}],"collection":[{"href":"https:\/\/apps.mpma.mp.br\/campanha-contra-drogas\/wp-json\/wp\/v2\/media"}],"about":[{"href":"https:\/\/apps.mpma.mp.br\/campanha-contra-drogas\/wp-json\/wp\/v2\/types\/attachment"}],"author":[{"embeddable":true,"href":"https:\/\/apps.mpma.mp.br\/campanha-contra-drogas\/wp-json\/wp\/v2\/users\/2"}],"replies":[{"embeddable":true,"href":"https:\/\/apps.mpma.mp.br\/campanha-contra-drogas\/wp-json\/wp\/v2\/comments?post=237"}]}}

CÂMARA FEDERAL

<p>APRESENTAÇÃO DO PROJETO NA CÂMARA FEDERAL, EM BRASÍLIA</p>
