{"id":340,"date":"2018-05-25T10:36:15","date_gmt":"2018-05-25T13:36:15","guid":{"rendered":"http:\/\/apps.mpma.mp.br\/campanha-contra-drogas\/wp-content\/uploads\/2018\/05\/DSC_0079.jpg"},"modified":"2018-05-25T10:38:56","modified_gmt":"2018-05-25T13:38:56","slug":"dsc_0079-2","status":"inherit","type":"attachment","link":"https:\/\/apps.mpma.mp.br\/campanha-contra-drogas\/2018\/05\/25\/campanha-de-prevencao-as-drogas-e-lancada-em-bequimao-e-mirinzal\/dsc_0079-2\/","title":{"rendered":"Luiz Gonzaga Martins Co\u00ealho &#8211; Procurador-Geral de Justi\u00e7a do Minist\u00e9rio P\u00fablico do Estado do Maranh\u00e3o"},"author":2,"comment_status":"open","ping_status":"closed","template":"","meta":[],"description":{"rendered":"<p class=\"attachment\"><a href='https:\/\/apps.mpma.mp.br\/campanha-contra-drogas\/wp-content\/uploads\/2018\/05\/DSC_0079.jpg'><img width=\"300\" height=\"200\" src=\"https:\/\/apps.mpma.mp.br\/campanha-contra-drogas\/wp-content\/uploads\/2018\/05\/DSC_0079-300x200.jpg\" class=\"attachment-medium size-medium\" alt=\"\" decoding=\"async\" loading=\"lazy\" srcset=\"https:\/\/apps.mpma.mp.br\/campanha-contra-drogas\/wp-content\/uploads\/2018\/05\/DSC_0079-300x200.jpg 300w, https:\/\/apps.mpma.mp.br\/campanha-contra-drogas\/wp-content\/uploads\/2018\/05\/DSC_0079.jpg 675w\" sizes=\"(max-width: 300px) 100vw, 300px\" \/><\/a><\/p>\n"},"caption":{"rendered":""},"alt_text":"","media_type":"image","mime_type":"image\/jpeg","media_details":{"width":675,"height":450,"file":"2018\/05\/DSC_0079.jpg","sizes":{"thumbnail":{"file":"DSC_0079-250x250.jpg","width":250,"height":250,"mime_type":"image\/jpeg","source_url":"https:\/\/apps.mpma.mp.br\/campanha-contra-drogas\/wp-content\/uploads\/2018\/05\/DSC_0079-250x250.jpg"},"medium":{"file":"DSC_0079-300x200.jpg","width":300,"height":200,"mime_type":"image\/jpeg","source_url":"https:\/\/apps.mpma.mp.br\/campanha-contra-drogas\/wp-content\/uploads\/2018\/05\/DSC_0079-300x200.jpg"},"post-thumbnail":{"file":"DSC_0079-672x372.jpg","width":672,"height":372,"mime_type":"image\/jpeg","source_url":"https:\/\/apps.mpma.mp.br\/campanha-contra-drogas\/wp-content\/uploads\/2018\/05\/DSC_0079-672x372.jpg"},"full":{"file":"DSC_0079.jpg","width":675,"height":450,"mime_type":"image\/jpeg","source_url":"https:\/\/apps.mpma.mp.br\/campanha-contra-drogas\/wp-content\/uploads\/2018\/05\/DSC_0079.jpg"}},"image_meta":{"aperture":"6","credit":"","camera":"NIKON D3300","caption":"","created_timestamp":"1526468772","copyright":"","focal_length":"125","iso":"800","shutter_speed":"0.01","title":"","orientation":"1","keywords":[]}},"post":337,"source_url":"https:\/\/apps.mpma.mp.br\/campanha-contra-drogas\/wp-content\/uploads\/2018\/05\/DSC_0079.jpg","_links":{"self":[{"href":"https:\/\/apps.mpma.mp.br\/campanha-contra-drogas\/wp-json\/wp\/v2\/media\/340"}],"collection":[{"href":"https:\/\/apps.mpma.mp.br\/campanha-contra-drogas\/wp-json\/wp\/v2\/media"}],"about":[{"href":"https:\/\/apps.mpma.mp.br\/campanha-contra-drogas\/wp-json\/wp\/v2\/types\/attachment"}],"author":[{"embeddable":true,"href":"https:\/\/apps.mpma.mp.br\/campanha-contra-drogas\/wp-json\/wp\/v2\/users\/2"}],"replies":[{"embeddable":true,"href":"https:\/\/apps.mpma.mp.br\/campanha-contra-drogas\/wp-json\/wp\/v2\/comments?post=340"}]}}

Luiz Gonzaga Martins Coêlho &#8211; Procurador-Geral de Justiça do Ministério Público do Estado do Maranhão
