{"id":350,"date":"2018-05-25T10:52:18","date_gmt":"2018-05-25T13:52:18","guid":{"rendered":"http:\/\/apps.mpma.mp.br\/campanha-contra-drogas\/wp-content\/uploads\/2018\/05\/DSC_0379.jpg"},"modified":"2018-05-25T10:53:33","modified_gmt":"2018-05-25T13:53:33","slug":"dsc_0379","status":"inherit","type":"attachment","link":"https:\/\/apps.mpma.mp.br\/campanha-contra-drogas\/2018\/05\/25\/campanha-de-prevencao-as-drogas-e-lancada-em-bequimao-e-mirinzal\/dsc_0379\/","title":{"rendered":"Apresenta\u00e7\u00e3o dos alunos com reda\u00e7\u00f5es e desenhos sobre o tema"},"author":2,"comment_status":"open","ping_status":"closed","template":"","meta":[],"description":{"rendered":"<p class=\"attachment\"><a href='https:\/\/apps.mpma.mp.br\/campanha-contra-drogas\/wp-content\/uploads\/2018\/05\/DSC_0379.jpg'><img width=\"300\" height=\"200\" src=\"https:\/\/apps.mpma.mp.br\/campanha-contra-drogas\/wp-content\/uploads\/2018\/05\/DSC_0379-300x200.jpg\" class=\"attachment-medium size-medium\" alt=\"\" decoding=\"async\" loading=\"lazy\" srcset=\"https:\/\/apps.mpma.mp.br\/campanha-contra-drogas\/wp-content\/uploads\/2018\/05\/DSC_0379-300x200.jpg 300w, https:\/\/apps.mpma.mp.br\/campanha-contra-drogas\/wp-content\/uploads\/2018\/05\/DSC_0379.jpg 675w\" sizes=\"(max-width: 300px) 100vw, 300px\" \/><\/a><\/p>\n"},"caption":{"rendered":""},"alt_text":"","media_type":"image","mime_type":"image\/jpeg","media_details":{"width":675,"height":450,"file":"2018\/05\/DSC_0379.jpg","sizes":{"thumbnail":{"file":"DSC_0379-250x250.jpg","width":250,"height":250,"mime_type":"image\/jpeg","source_url":"https:\/\/apps.mpma.mp.br\/campanha-contra-drogas\/wp-content\/uploads\/2018\/05\/DSC_0379-250x250.jpg"},"medium":{"file":"DSC_0379-300x200.jpg","width":300,"height":200,"mime_type":"image\/jpeg","source_url":"https:\/\/apps.mpma.mp.br\/campanha-contra-drogas\/wp-content\/uploads\/2018\/05\/DSC_0379-300x200.jpg"},"post-thumbnail":{"file":"DSC_0379-672x372.jpg","width":672,"height":372,"mime_type":"image\/jpeg","source_url":"https:\/\/apps.mpma.mp.br\/campanha-contra-drogas\/wp-content\/uploads\/2018\/05\/DSC_0379-672x372.jpg"},"full":{"file":"DSC_0379.jpg","width":675,"height":450,"mime_type":"image\/jpeg","source_url":"https:\/\/apps.mpma.mp.br\/campanha-contra-drogas\/wp-content\/uploads\/2018\/05\/DSC_0379.jpg"}},"image_meta":{"aperture":"4.8","credit":"","camera":"NIKON D3300","caption":"","created_timestamp":"1526557406","copyright":"","focal_length":"46","iso":"900","shutter_speed":"0.016666666666667","title":"","orientation":"1","keywords":[]}},"post":337,"source_url":"https:\/\/apps.mpma.mp.br\/campanha-contra-drogas\/wp-content\/uploads\/2018\/05\/DSC_0379.jpg","_links":{"self":[{"href":"https:\/\/apps.mpma.mp.br\/campanha-contra-drogas\/wp-json\/wp\/v2\/media\/350"}],"collection":[{"href":"https:\/\/apps.mpma.mp.br\/campanha-contra-drogas\/wp-json\/wp\/v2\/media"}],"about":[{"href":"https:\/\/apps.mpma.mp.br\/campanha-contra-drogas\/wp-json\/wp\/v2\/types\/attachment"}],"author":[{"embeddable":true,"href":"https:\/\/apps.mpma.mp.br\/campanha-contra-drogas\/wp-json\/wp\/v2\/users\/2"}],"replies":[{"embeddable":true,"href":"https:\/\/apps.mpma.mp.br\/campanha-contra-drogas\/wp-json\/wp\/v2\/comments?post=350"}]}}

Apresentação dos alunos com redações e desenhos sobre o tema
